[INFO] fetching crate monotron-api 0.2.2...
[INFO] checking monotron-api-0.2.2 against master#af3c6e733a40e671550e0f0f5aeecaa13772ba56 for pr-74989
[INFO] extracting crate monotron-api 0.2.2 into /workspace/builds/worker-3/source
[INFO] validating manifest of crates.io crate monotron-api 0.2.2 on toolchain af3c6e733a40e671550e0f0f5aeecaa13772ba56
[INFO] running `Command { std: "/workspace/cargo-home/bin/cargo" "+af3c6e733a40e671550e0f0f5aeecaa13772ba56" "read-manifest" "--manifest-path" "Cargo.toml", kill_on_drop: false }`
[INFO] started tweaking crates.io crate monotron-api 0.2.2
[INFO] finished tweaking crates.io crate monotron-api 0.2.2
[INFO] tweaked toml for crates.io crate monotron-api 0.2.2 written to /workspace/builds/worker-3/source/Cargo.toml
[INFO] running `Command { std: "/workspace/cargo-home/bin/cargo" "+af3c6e733a40e671550e0f0f5aeecaa13772ba56" "generate-lockfile" "--manifest-path" "Cargo.toml" "-Zno-index-update", kill_on_drop: false }`
[INFO] running `Command { std: "/workspace/cargo-home/bin/cargo" "+af3c6e733a40e671550e0f0f5aeecaa13772ba56" "fetch" "--locked" "--manifest-path" "Cargo.toml", kill_on_drop: false }`
[INFO] running `Command { std: "docker" "create" "-v" "/var/lib/crater-agent-workspace/builds/worker-3/target:/opt/rustwide/target:rw,Z" "-v" "/var/lib/crater-agent-workspace/builds/worker-3/source:/opt/rustwide/workdir:ro,Z" "-v" "/var/lib/crater-agent-workspace/cargo-home:/opt/rustwide/cargo-home:ro,Z" "-v" "/var/lib/crater-agent-workspace/rustup-home:/opt/rustwide/rustup-home:ro,Z" "-e" "SOURCE_DIR=/opt/rustwide/workdir" "-e" "CARGO_TARGET_DIR=/opt/rustwide/target" "-e" "CARGO_HOME=/opt/rustwide/cargo-home" "-e" "RUSTUP_HOME=/opt/rustwide/rustup-home" "-w" "/opt/rustwide/workdir" "-m" "1610612736" "--user" "0:0" "--network" "none" "rustops/crates-build-env@sha256:d92eaeed33fa75130ca1ee6c8a01d1ffb62bac859dfdfb3450e3e5d1c0146529" "/opt/rustwide/cargo-home/bin/cargo" "+af3c6e733a40e671550e0f0f5aeecaa13772ba56" "metadata" "--no-deps" "--format-version=1", kill_on_drop: false }`
[INFO] [stdout] 4948d0b0e9328b8fd1ee710fff691d3892000a176bb051c014b9bd3439d70d78
[INFO] [stderr] WARNING: Your kernel does not support swap limit capabilities or the cgroup is not mounted. Memory limited without swap.
[INFO] running `Command { std: "docker" "start" "-a" "4948d0b0e9328b8fd1ee710fff691d3892000a176bb051c014b9bd3439d70d78", kill_on_drop: false }`
[INFO] running `Command { std: "docker" "inspect" "4948d0b0e9328b8fd1ee710fff691d3892000a176bb051c014b9bd3439d70d78", kill_on_drop: false }`
[INFO] running `Command { std: "docker" "rm" "-f" "4948d0b0e9328b8fd1ee710fff691d3892000a176bb051c014b9bd3439d70d78", kill_on_drop: false }`
[INFO] [stdout] 4948d0b0e9328b8fd1ee710fff691d3892000a176bb051c014b9bd3439d70d78
[INFO] running `Command { std: "docker" "create" "-v" "/var/lib/crater-agent-workspace/builds/worker-3/target:/opt/rustwide/target:rw,Z" "-v" "/var/lib/crater-agent-workspace/builds/worker-3/source:/opt/rustwide/workdir:ro,Z" "-v" "/var/lib/crater-agent-workspace/cargo-home:/opt/rustwide/cargo-home:ro,Z" "-v" "/var/lib/crater-agent-workspace/rustup-home:/opt/rustwide/rustup-home:ro,Z" "-e" "SOURCE_DIR=/opt/rustwide/workdir" "-e" "CARGO_TARGET_DIR=/opt/rustwide/target" "-e" "CARGO_INCREMENTAL=0" "-e" "RUST_BACKTRACE=full" "-e" "RUSTFLAGS=--cap-lints=forbid" "-e" "CARGO_HOME=/opt/rustwide/cargo-home" "-e" "RUSTUP_HOME=/opt/rustwide/rustup-home" "-w" "/opt/rustwide/workdir" "-m" "1610612736" "--user" "0:0" "--network" "none" "rustops/crates-build-env@sha256:d92eaeed33fa75130ca1ee6c8a01d1ffb62bac859dfdfb3450e3e5d1c0146529" "/opt/rustwide/cargo-home/bin/cargo" "+af3c6e733a40e671550e0f0f5aeecaa13772ba56" "check" "--frozen" "--all" "--all-targets" "--message-format=json", kill_on_drop: false }`
[INFO] [stdout] 76351a778998b3f7c19d95cab644c7eb2e116de57187cc32e2e383680dad95f8
[INFO] [stderr] WARNING: Your kernel does not support swap limit capabilities or the cgroup is not mounted. Memory limited without swap.
[INFO] running `Command { std: "docker" "start" "-a" "76351a778998b3f7c19d95cab644c7eb2e116de57187cc32e2e383680dad95f8", kill_on_drop: false }`
[INFO] [stderr]     Checking monotron-api v0.2.2 (/opt/rustwide/workdir)
[INFO] [stdout] error[E0560]: struct `Timestamp` has no field named `day`
[INFO] [stdout]    --> src/lib.rs:580:21
[INFO] [stdout]     |
[INFO] [stdout] 580 |                     day: 16,
[INFO] [stdout]     |                     ^^^ help: a field with a similar name exists: `days`
[INFO] [stdout] 
[INFO] [stdout] 
[INFO] [stdout] error[E0560]: struct `Timestamp` has no field named `day`
[INFO] [stdout]    --> src/lib.rs:591:21
[INFO] [stdout]     |
[INFO] [stdout] 591 |                     day: 17,
[INFO] [stdout]     |                     ^^^ help: a field with a similar name exists: `days`
[INFO] [stdout] 
[INFO] [stdout] 
[INFO] [stdout] error[E0560]: struct `Timestamp` has no field named `day`
[INFO] [stdout]    --> src/lib.rs:602:21
[INFO] [stdout]     |
[INFO] [stdout] 602 |                     day: 18,
[INFO] [stdout]     |                     ^^^ help: a field with a similar name exists: `days`
[INFO] [stdout] 
[INFO] [stdout] 
[INFO] [stdout] error: aborting due to 3 previous errors
[INFO] [stdout] 
[INFO] [stdout] 
[INFO] [stdout] For more information about this error, try `rustc --explain E0560`.
[INFO] [stdout] 
[INFO] [stderr] error: could not compile `monotron-api`.
[INFO] [stderr] 
[INFO] [stderr] To learn more, run the command again with --verbose.
[INFO] running `Command { std: "docker" "inspect" "76351a778998b3f7c19d95cab644c7eb2e116de57187cc32e2e383680dad95f8", kill_on_drop: false }`
[INFO] running `Command { std: "docker" "rm" "-f" "76351a778998b3f7c19d95cab644c7eb2e116de57187cc32e2e383680dad95f8", kill_on_drop: false }`
[INFO] [stdout] 76351a778998b3f7c19d95cab644c7eb2e116de57187cc32e2e383680dad95f8
